53 + -53. Suppose 5*x = q + 70, s = -3*x + 6*q - q + 42. What are the prime factors of x?
2, 7
Let u(o) = 3*o + 27. Let q be u(-8). What are the prime factors of ((-9)/((-9)/4) - q)*186?
2, 3, 31
Let t(z) = z**2 - 2*z - 10. Let i be t(6). Let a = 19 - i. What are the prime factors of a?
5
Suppose 0 = -n + 7 + 67. Let m = -84 + 36. Let i = n + m. What are the prime factors of i?
2, 13
Let r = 66 - 59. Let u(j) be the first derivative of -j**4/4 + 3*j**3 - 4*j**2 - j + 2. List the prime factors of u(r).
41
Suppose 5*k + u - 5*u - 505 = 0, -5*k + 510 = -3*u. What are the prime factors of k?
3, 5, 7
Suppose -3*l + 5*r = -4766, 5*r - 1605 = -l - 43. What are the prime factors of l?
2, 7, 113
List the prime factors of (392 - 21)*(-6)/(-7).
2, 3, 53
Let a be (-2 + 13)/((-2)/(-4)*-2). Let y(j) = -10*j + 8. What are the prime factors of y(a)?
2, 59
List the prime factors of ((-12)/(-15))/(4144/2070 + -2).
2, 3, 23
Suppose -4*u + 283 + 933 = 0. Let c = u - 43. List the prime factors of c.
3, 29
Let d be (-50)/(-4) + (-2)/4. Suppose -6*y = -3*y - d. Suppose 57 = -g + y*g. What are the prime factors of g?
19
Let n(r) = 0 - r**3 - 16*r**2 - 20 + 5 - 43*r. What are the prime factors of n(-14)?
3, 5, 13
Suppose -4*s = 3*f + 26, -4*s = -4*f - 0*s + 12. Let i(x) = 2*x**2 + x - 1. List the prime factors of i(f).
5
Let o(g) = -16*g**3 + 4*g**2 + 9*g + 17. List the prime factors of o(-4).
1069
What are the prime factors of (-11614)/(-18) - 12/54?
3, 5, 43
Suppose -4*l - 5*s - 11 = -3*l, 0 = l - s - 7. Suppose -l*d + 51 = -29. List the prime factors of d.
2, 5
Let c(z) = 61*z - 133. List the prime factors of c(17).
2, 113
List the prime factors of 2/(-17) + (-32338)/(-323).
2, 5
Let p(h) = h**2 + 8*h - 19. Let t be p(-11). Suppose 0 = t*y + 415 - 3649. What are the prime factors of y?
3, 7, 11
Let t be 11 + -7 + (-1)/1 + -1. What are the prime factors of 184 + (t - 1) - 3?
2, 7, 13
Suppose 2*l - 1213 + 29 = 0. List the prime factors of l.
2, 37
Let n(c) = c - 1. Let t(l) = -24*l + 21. Let g(d) = 3*n(d) + t(d). What are the prime factors of g(-7)?
3, 5, 11
Let x = -142 - -320. Let q = x + -104. What are the prime factors of q?
2, 37
Suppose 6 = 3*n - 3. Let o = -19 - -23. Suppose 28 = -n*j + o*j. List the prime factors of j.
2, 7
Suppose 6*y = -22 + 34. Let o = -1 + 1. Suppose -3*t - y*t + 110 = o. What are the prime factors of t?
2, 11
Let z be (27*-9*30/(-18))/1. Let j = z - 165. List the prime factors of j.
2, 3, 5
Let y = -20 + 17. What are the prime factors of 21 + -2 - (y - -5)?
17
Let h be (-2 + 2)/1 - -114. Let w be ((-28)/(-2))/((-3 - -11)/(-4)). List the prime factors of h/2 - (-4 - w).
2, 3
Let d(j) = -j**3 + 4*j**2 + 2*j - 3. Let t = -5 - -9. Let g be d(t). Suppose h - g = 24. List the prime factors of h.
29
Let l = -50 - -34. Let y = l + 45. What are the prime factors of y?
29
Suppose -4*o - x + 319 = 0, 5*o - 491 = -x - 92. Suppose k - 2*k + o = 0. What are the prime factors of k?
2, 5
Let m be 23 + -19 - (5 - 0). What are the prime factors of (204/(-20))/(m/5)?
3, 17
Suppose -2*b = -4*k + 22, k = -2*b - 3 + 16. Let g = 5 - -17. Suppose -3*i = -4*y + 124, -y + k*i = 4*i - g. What are the prime factors of y?
2, 17
Suppose 4*s + 1 = -w, 2*w + 3 - 1 = s. Suppose 16*z - 12 = 14*z. List the prime factors of z*(-28)/(-8) + w.
2, 5
Suppose -v = -l - 3*l + 651, -5*v - 810 = -5*l. List the prime factors of l.
163
Suppose 275800 = 24*c + 26*c. What are the prime factors of c?
2, 7, 197
Let s(n) = n**3 + 14*n**2 + 4*n. Let o(m) = m**3 - 13*m**2 - 14. Let d be o(13). Let v be s(d). Let t = -29 - v. What are the prime factors of t?
3
Let r(y) = -y**3 + 3*y**2 + y - 6. Let z be r(6). What are the prime factors of 24/z - (-166)/18?
3
Let h(f) = 11*f**3 + 47*f**2 - f - 11. Let g(l) = -5*l**3 - 23*l**2 + l + 5. Let t(z) = 13*g(z) + 6*h(z). List the prime factors of t(17).
2, 59
Let k(w) = w**3 + w**2 + w. Let x be k(0). Let s(p) = -5*p + 1. Let d be s(-1). Suppose 2*n + 0*n - d = x. What are the prime factors of n?
3
Let w = -64 - -69. Let h(f) = f**3 + 2*f - 1. What are the prime factors of h(w)?
2, 67
Let r = -496 - -2401. What are the prime factors of r?
3, 5, 127
Suppose -23 = -3*t + 5*q + 7, 5*q + 5 = -2*t. Suppose 437 = t*z + 77. Suppose -4*g = -g - z. What are the prime factors of g?
2, 3
Suppose h = 77 + 123. Suppose 6*s - h - 76 = 0. List the prime factors of s.
2, 23
Suppose 5*z - 54 + 4 = 0. Let p = -1 + z. List the prime factors of p.
3
Let a(x) be the first derivative of -x**5/20 - 3*x**4/4 + 13*x**2/2 - x + 1. Let j(b) be the first derivative of a(b). List the prime factors of j(-9).
13
Let r = -3 + 2. Let m = r + 3. Let u(g) = 16*g - 2. What are the prime factors of u(m)?
2, 3, 5
Let b(j) = -3*j**3 + 6*j**2 - 29*j - 290. List the prime factors of b(-11).
2, 1187
Let r = -9240 - -13726. List the prime factors of r.
2, 2243
Let y be 15*(2 - (-15)/(-9)). Let r be 0 + 2/(-4)*10. What are the prime factors of (-112)/r + (-2)/y?
2, 11
Let j = 60 + -12. Let y = 21 - 57. List the prime factors of (-123)/(-4) + y/j.
2, 3, 5
Let f(m) = m**2 + 2*m - 7 + 6*m + 0*m**2 - 3*m. Let d be f(-7). Suppose 5*u = 8 + d. List the prime factors of u.
3
Let g = 29 + 8. Suppose g + 194 = 7*n. What are the prime factors of n?
3, 11
Let q(t) = -t**3 + 11*t**2 + 13*t - 10. Let w be q(12). List the prime factors of 94 + (4 - (w - -2)).
2, 47
Let u(p) = -p**3 - 5*p**2 - 5*p + 2. Let i be u(-4). Suppose -i*k + 4*k = -256. What are the prime factors of k?
2
Let d(b) = -b**3 - b - 1. Suppose 0 = -2*t + 2 + 10. Let f be (-8)/(-6)*t/(-4). What are the prime factors of d(f)?
3
List the prime factors of -1878*6/(-27)*3.
2, 313
Suppose -5*p + 2*o = -80, -4*p + 2*o - 32 = -98. Let c = 59 - p. What are the prime factors of c?
3, 5
Let v be 2/(3 + -1) - 7. Let u = v + 10. Suppose 3*j + 1 = -5*i, 7*i - 6 = -u*j + 4*i. What are the prime factors of j?
3
Suppose -2*r + 0*f = -f + 43, 4*f - 11 = r. Let w be (0 + 3/6)*(0 + 98). Let q = r + w. What are the prime factors of q?
2, 13
What are the prime factors of (4 - 9/2)*-372?
2, 3, 31
Let i = -774 - -1687. List the prime factors of i.
11, 83
Let n = 23 - 23. Suppose -w + 3 = n, 5*d + w + w - 26 = 0. Suppose -d*b + 3*j = -246, 4*b - 435 = -j - 181. List the prime factors of b.
3, 7
Suppose -f + 307 = 4*p, -2*f + 306 = -p + 5*p. Let l = -58 + p. List the prime factors of l.
19
Let o be 4 - (-1)/3 - (-4)/6. Suppose 4*l + 0*l + s - 191 = 0, o*s = -2*l + 73. List the prime factors of l.
7
Let y(c) = 1360*c**2 + 45*c + 85. What are the prime factors of y(-2)?
5, 1087
What are the prime factors of 1511 + 26/39*(-3)/2?
2, 5, 151
Let q be 1*(8 - (-4 + 7)). Suppose 0 = -c + q*c - 8. What are the prime factors of (0 - c - -5) + 2?
5
What are the prime factors of (-1731)/(-15) - 15/(-25) - 0?
2, 29
Let x be (5/(-15))/((-1)/(-9)). Let c(i) = -25*i + 3. List the prime factors of c(x).
2, 3, 13
Suppose 4 + 2 = 3*x. Suppose 0 = -4*n - 4*k + 296, -4*n = -x*k + 5*k - 294. Suppose 2*d + 12 = n. List the prime factors of d.
2, 3, 5
Let x(y) = -y**3 + 13*y**2 - 3*y + 30. List the prime factors of x(6).
2, 3, 11
Let x be (12/(-10))/((-2)/(-5)). What are the prime factors of ((-360)/3)/x*1?
2, 5
Suppose 7*q = 7724 - 2768. List the prime factors of q.
2, 3, 59
Suppose 0*n + 4 = v + 4*n, 2*v - 4*n = 8. Suppose v*l - l - 3 = 0. Let f = 13 - l. What are the prime factors of f?
2, 3
Let k be (30/4)/(2/8). Suppose -5*n = 2*o - 32, k + 14 = 5*n - o. List the prime factors of 52/n + (-2)/4.
2, 3
Let o = -13 + 35. Suppose 0 = 5*c + o - 97. What are the prime factors of c?
3, 5
What are the prime factors of 28/(-5)*(157 + -602)?
2, 7, 89
Suppose -3 = -4*y - c, y + 4*y + 4*c = -10. Suppose y*q - 70 = 14. Suppose 0 = -5*x + 23 + q. What are the prime factors of x?
13
Let u be 4 - 1903/99 - 4/(-18). Let v(s) = -19*s - s**2 - 1 - 4 - 1. List the prime factors of v(u).
2, 3
Suppose 0 = -j + 5*j - 4. Suppose 0 = -3*i - 12 + 9. List the prime factors of 42/((j - -2) + i).
3, 7
Suppose 5*h = -4*l + 709, 137*l + 5*h - 357 = 135*l. List the prime factors of l.
2, 11
Suppose -b - 2*b + 1095 = 0. What are the prime factors of b?
5, 73
Suppose -5*f = h - 81, -3*h + 29 - 7 = 2*f. Suppose -13*g + f*g - 212 = 0. List the prime factors of g.
53
List the prime factors of -2 - (-10)/7 - 11992/(-